 c(-185).
-1330
Let f(k) = 1103*k + 57468. Give f(-52).
112
Let g(m) = 9*m**3 + 9*m**2 - 3*m - 29. Calculate g(6).
2221
Let c(s) = -2*s**2 + 21*s + 4751. Calculate c(-38).
1065
Let p(l) = -8*l**2 - 3263*l - 6013. Give p(-406).
77
Let x(u) = u**3 + 34*u**2 + 592*u + 9148. Determine x(-25).
-27
Let i(t) = 31*t + 558. Give i(-21).
-93
Let l(w) = -w**3 - 8*w**2 - 141*w - 1030. Determine l(-8).
98
Let g(x) = 268*x + 2252. Determine g(-11).
-696
Let r(b) = -3*b**3 - 58*b**2 - 169*b + 384. Determine r(-15).
-6
Let w(d) = -17005*d - 340088. Calculate w(-20).
12
Let j(k) = k**2 + 365*k + 1084. What is j(-362)?
-2
Let y(i) = -9*i**3 - 341*i**2 + 54*i + 575. What is y(-38)?
-33
Let b(c) = 5*c**3 + 647*c**2 - 1040*c + 1151. Calculate b(-131).
103
Let o(l) = 30*l**3 - 269*l**2 + 593*l + 51. What is o(5)?
41
Let m(v) = 5462*v - 2414216. Calculate m(442).
-12
Let m(y) = -6*y**3 - 147*y**2 + 71*y - 121. What is m(-25)?
-21
Let x(q) = 15*q**2 - 912*q + 6842. Determine x(52).
-22
Let q(o) = -225*o**2 - 1347*o - 51. Give q(-6).
-69
Let a(w) = -w**3 - 21*w**2 - 5*w - 903. What is a(-22)?
-309
Let k(y) = y**3 - 10619*y**2 - 17*y + 1. What is k(0)?
1
Let m(z) = -13052*z - 52325. What is m(-4)?
-117
Let i(x) = 2*x**3 + 190*x**2 + 147*x + 246. Determine i(-94).
4100
Let r(m) = 10992*m - 140997. Determine r(13).
1899
Let p(y) = 13*y**2 + 2571*y + 17424. What is p(-7)?
64
Let q(k) = -k**3 + 55*k**2 - 64*k + 397. What is q(9)?
3547
Let c(p) = p**3 + 122*p**2 + 801*p - 300. Determine c(-115).
160
Let j(t) = 769*t + 50663. Determine j(-66).
-91
Let f(t) = -2*t**2 + 803*t - 75937. Determine f(249).
8
Let y(f) = -87911*f - 527451. Determine y(-6).
15
Let t(p) = -14018*p - 3027886. What is t(-216)?
2
Let h(b) = -b**3 + 51*b**2 + 154*b - 12363. Calculate h(49).
-15
Let o(r) = 12374310*r - 24748619. Calculate o(2).
1
Let l(n) = n**2 - 47*n - 7826. What is l(115)?
-6
Let i(p) = -4*p**2 + 187*p - 1796. Determine i(23).
389
Let j(y) = -y**3 + 195*y**2 + 372*y - 4547. Give j(4).
-3
Let v(h) = -2*h**3 - 34*h**2 - 43*h + 564. Determine v(-17).
1295
Let k(x) = -3377*x - 121396. Calculate k(-36).
176
Let u(k) = k**2 - 286*k - 5217. What is u(-18)?
255
Let k(a) = 2*a**3 - 2*a**2 + 93*a - 361. Calculate k(9).
1772
Let h(o) = -27826*o - 751314. Calculate h(-27).
-12
Let d(c) = -c**3 + 2*c**2 - 5380*c + 65900. Give d(12).
-100
Let h(q) = -565*q + 105623. Determine h(187).
-32
Let v(h) = -3*h**2 - 84*h - 444. What is v(-7)?
-3
Let o(t) = 7*t**3 - 6*t**2 - 891*t - 5326. What is o(-6)?
-1708
Let i(x) = x**3 - 15*x**2 - 100*x - 8. What is i(-6)?
-164
Let g(o) = -2*o**3 - o**2 - 11175*o + 55838. Calculate g(5).
-312
Let f(c) = -3*c**3 - 532*c**2 + 1428*c - 2173. Calculate f(-180).
-13
Let x(m) = -11*m + 1186. Calculate x(31).
845
Let c(k) = -6168*k + 12358. Give c(2).
22
Let i(d) = -209*d - 12480. Give i(-65).
1105
Let l(h) = 2*h**2 - 1959*h - 27617. Give l(-14).
201
Let k(y) = y**3 + 412*y**2 - 6935*y + 23. Give k(16).
-1369
Let m(l) = -3*l**2 - 925*l + 16132. What is m(-325)?
-118
Let o(y) = -16*y + 6541. What is o(323)?
1373
Let v(n) = 24*n**3 + 193*n**2 + 139*n - 264. Calculate v(-7).
-12
Let k(m) = m**3 + 42*m**2 + 141*m - 92. Determine k(-37).
1536
Let u(n) = -4*n**3 + 94*n**2 - 12*n - 147. What is u(22)?
2493
Let r(o) = o**3 + 212*o**2 + 5044*o + 1604. Determine r(-27).
281
Let x(c) = c**3 + 570*c**2 + 2262*c - 1126. Calculate x(-566).
6
Let w(v) = v**2 + 25270*v + 1160299. Determine w(-46).
-5
Let x(d) = -4*d**3 - 305*d**2 - 435*d - 27253. What is x(-76)?
31
Let p(q) = q**3 - 182*q**2 + 1878*q - 47. Determine p(11).
-80
Let q(c) = c**2 + 19936*c + 1529148. What is q(-77)?
5
Let o(s) = -s**2 - 122285*s - 366865. Calculate o(-3).
-19
Let u(k) = 43*k**2 + 2834*k - 12318. Determine u(-70).
2
Let t(d) = -5*d**2 + 1270*d - 7622. What is t(6)?
-182
Let g(t) = 3*t**3 - 6*t**2 - 60*t + 528. What is g(6)?
600
Let t(m) = 28143*m - 56134. Determine t(2).
152
Let f(z) = 2*z**2 + 8492*z + 1862492. Give f(-232).
-4
Let b(i) = -13*i**2 - 8369*i - 6430. What is b(-643)?
0
Let g(a) = -3*a**2 + 2786*a - 168413. Calculate g(65).
2
Let q(r) = -3*r**2 - 267*r + 4659. Calculate q(15).
-21
Let t(p) = 7420*p - 185342. Determine t(25).
158
Let a(x) = 5*x**3 - 35*x**2 - 5*x + 61. Calculate a(7).
26
Let a(n) = -4*n**2 - 1357*n - 27898. What is a(-22)?
20
Let k(j) = 1501*j + 83964. Calculate k(-55).
1409
Let c(x) = x**2 - 4033*x + 199101. Determine c(50).
-49
Let p(y) = -25*y**3 + 7*y**2 + 285*y + 564. Determine p(-2).
222
Let u(l) = -4*l**3 + 264*l**2 - 2899*l + 171542. Determine u(65).
7
Let l(u) = -u**3 - 27*u**2 + 313*u + 113. What is l(-34)?
-2437
Let j(p) = 1787*p + 69692. Calculate j(-39).
-1
Let r(t) = 3589*t + 116587. Determine r(-32).
1739
Let a(o) = o**3 - 352*o**2 - 9935*o - 2774. What is a(-26)?
8
Let y(u) = 2*u**3 + 25*u**2 + 2743*u + 29821. Calculate y(-11).
11
Let i(d) = 16*d - 1518. What is i(79)?
-254
Let x(i) = 3*i**3 - 2*i**2 + 394*i - 9624. What is x(12)?
0
Let b(u) = -2*u**3 - 181*u**2 - 238*u + 879. Calculate b(-89).
-1702
Let d(w) = -w**2 - 1198*w + 74164. Calculate d(59).
1
Let t(n) = -14*n**3 - 4116*n**2 + 4152*n + 6497. Give t(-295).
7
Let a(c) = -c**3 + 54*c**2 - 428*c + 2831. Calculate a(46).
71
Let u(k) = -25002*k - 225020. What is u(-9)?
-2
Let r(l) = 6*l**2 - 48*l + 606. Give r(18).
1686
Let c(x) = 10118*x**2 + 7477201*x - 742. What is c(-739)?
-3
Let w(z) = -26*z**3 - 314*z**2 + 62*z + 967. What is w(-12)?
-65
Let w(t) = 2*t**3 + 130*t**2 - 45620*t + 1490. What is w(-187)?
-6
Let c(r) = -r**3 - 185*r**2 - 2075*r + 165. Determine c(-173).
-8
Let v(h) = h**3 + 8*h**2 + 3*h - 48. Calculate v(-7).
-20
Let i(p) = 2*p**2 + 462*p + 777. What is i(-229)?
-139
Let c(f) = -f**3 - 65*f**2 + 2084*f + 83454. Give c(-78).
-6
Let x(a) = 5*a**3 + 32*a**2 - 254*a + 122. Determine x(6).
830
Let i(f) = -f**3 - 47*f**2 - 144*f + 2930. Give i(-42).
158
Let a(b) = b**2 + 127*b + 1196. Calculate a(-30).
-1714
Let d(p) = -6*p**2 + 1123*p - 8842. What is d(179)?
-71
Let r(m) = 64*m**3 - 1390*m**2 - 398*m + 40. Determine r(22).
-4
Let v(s) = -1288*s + 15828. Calculate v(12).
372
Let k(z) = 202*z - 28670. Determine k(143).
216
Let o(l) = 3242*l - 6956. Give o(2).
-472
Let k(s) = -17*s**2 - 339*s - 427. Give k(-19).
-123
Let t(s) = 116*s - 3202. Calculate t(0).
-3202
Let c(v) = -54*v - 1348. Give c(-29).
218
Let w(l) = -6562*l + 426529. Give w(65).
-1
Let u(k) = -2*k**3 - 25*k**2 - 20*k - 861. Calculate u(-14).
7
Let d(t) = 2250*t + 159732. Calculate d(-71).
-18
Let z(s) = 169984*s + 509990. What is z(-3)?
38
Let o(s) = 339*s - 4018. What is o(11)?
-289
Let u(n) = 11960*n + 68770. Determine u(-6).
-2990
Let l(i) = -2*i**3 - 200*i**2 + 431*i + 62211. Calculate l(-99).
-60
Let y(t) = -4*t**3 + 2*t**2 + 2373*t - 9497. What is y(4)?
-229
Let z(d) = -4*d**3 - 169*d**2 - 608*d - 3924. Calculate z(-39).
15
Let g(u) = -5*u**2 + 9528*u + 28567. Give g(-3).
-62
Let y(s) = -2*s**2 - 7959*s - 111023. Determine y(-14).
11
Let r(i) = -39*i**2 - 2071*i - 113. Calculate r(-53).
99
Let q(a) = 15343*a - 5968406. Give q(389).
21
Let k(c) = -55*c**3 + 110*c**2 - 4*c + 13. Determine k(2).
5
Let o(r) = -4331*r + 99668. What is o(23)?
55
Let c(x) = x**2 - 72*x - 66. Determine c(89).
1447
Let r(l) = 2*l**3 - 47*l**2 - 122*l - 61. Determine r(-2).
-21
Let p(h) = 2*h**2 - 410*h - 105153. What is p(-149)?
339
Let m(x) = 3*x**3 - 525*x**2 + 525*x - 673. What is m(174)?
-151
Let l(y) = -y**2 - 3936*y - 55153. Give l(-14).
-245
Let c(x) = -46*x**2 + 1391*x - 7456. Give c(7).
27
Let b(h) = 1598*h - 492171. Give b(308).
13
Let w(s) = s**3 - 231*s**2 - 466*s + 14. Determine w(233).
14
Let y(g) = -9*g**3 + 1173*g**2 - 394*g + 119. What is y(130)?
-401
Let a(k) = -2*k**2 - 18271*k - 328147. Calculate a(-18).
83
Let w(p) = 4*p**3 - 637*p**2 + 339*p - 131023. Calculate w(160).
17
Let c(i) = 15*i**2 + 24528*i + 122261. Calculate c(-5).
-4
Let q(x) = -2969*x - 17644. What is q(-6)?
170
Let a(j) = 365225*j - 1095682. What is a(3)?
-7
Let q(i) = -1082*i**2 - 10418*i + 10419. What is q(1)?
-1081
Let h(c) = -9*c**2 + 257*c + 495. Give h(30).
105
Let z(c) = 77*c**3 - 32*c**2 + 32*c - 3. What is z(1)?
74
Let m(z) = -25*z**3 - 7*z**2 - 55*z + 113. Give m(2).
-225
Let d(h) = -1081*h - 5415. Determine d(-5).
-10
Let l(c) = 172*c**3 + 16*c**2 + 2*c - 1